{"id":6406,"date":"2019-07-08T07:32:44","date_gmt":"2019-07-08T07:32:44","guid":{"rendered":"http:\/\/vb.c-huebschen.de\/?page_id=6406"},"modified":"2020-12-16T14:34:15","modified_gmt":"2020-12-16T14:34:15","slug":"6406-2","status":"publish","type":"page","link":"https:\/\/itberatungsleistungen.de\/?page_id=6406","title":{"rendered":"Webdesign &#038; Programmierung"},"content":{"rendered":"<section class=\"l-section wpb_row height_auto width_full color_primary\"><div class=\"l-section-h i-cf\"><div class=\"g-cols vc_row via_flex valign_top type_default stacking_default\"><div class=\"vc_col-sm-12 wpb_column vc_column_container\"><div class=\"vc_column-inner\"><div class=\"wpb_wrapper\">\n\t\t\t<!-- START webdesign REVOLUTION SLIDER 6.7.40 --><p class=\"rs-p-wp-fix\"><\/p>\n\t\t\t<rs-module-wrap id=\"rev_slider_22_1_wrapper\" data-source=\"gallery\" style=\"visibility:hidden;background:transparent;padding:0;margin:0px auto;margin-top:0;margin-bottom:0;\">\n\t\t\t\t<rs-module id=\"rev_slider_22_1\" style=\"\" data-version=\"6.7.40\">\n\t\t\t\t\t<rs-slides style=\"overflow: hidden; position: absolute;\">\n\t\t\t\t\t\t<rs-slide style=\"position: absolute;\" data-key=\"rs-52\" data-title=\"Slide\" data-anim=\"ms:600;r:0;\" data-in=\"o:0;\" data-out=\"a:false;\">\n\t\t\t\t\t\t\t<img decoding=\"async\" src=\"\/\/itberatungsleistungen.de\/wp-content\/plugins\/revslider\/sr6\/assets\/assets\/dummy.png\" alt=\"\" title=\"web-1045994_1280\" width=\"1280\" height=\"960\" class=\"rev-slidebg tp-rs-img rs-lazyload\" data-lazyload=\"\/\/itberatungsleistungen.de\/wp-content\/uploads\/2020\/11\/web-1045994_1280.jpg\" data-parallax=\"off\" data-no-retina>\n<!---->\t\t\t\t\t<\/rs-slide>\n\t\t\t\t\t<\/rs-slides>\n\t\t\t\t<\/rs-module>\n\t\t\t\t<script>\n\t\t\t\t\tsetREVStartSize({c: 'rev_slider_22_1',rl:[1024,1024,778,480],el:[600,600,500,400],gw:[1240,1024,778,480],gh:[600,600,500,400],type:'standard',justify:'',layout:'fullwidth',mh:\"0\"});if (window.RS_MODULES!==undefined && window.RS_MODULES.modules!==undefined && window.RS_MODULES.modules[\"revslider221\"]!==undefined) {window.RS_MODULES.modules[\"revslider221\"].once = false;window.revapi22 = undefined;if (window.RS_MODULES.checkMinimal!==undefined) window.RS_MODULES.checkMinimal()}\n\t\t\t\t<\/script>\n\t\t\t<\/rs-module-wrap>\n\t\t\t<!-- END REVOLUTION SLIDER -->\n<\/div><\/div><\/div><\/div><\/div><\/section>\n<p>&nbsp;<\/p>\n<h3 style=\"padding-left: 200px;\"><span style=\"color: #85c329; font-size: 26pt; letter-spacing: -0.02em;\">Webdesign und Programmierung<\/span><\/h3>\n<div>\n<ul>\n<li style=\"list-style-type: none;\">\n<ul>\n<li style=\"list-style-type: none;\">\n<ul>\n<li style=\"list-style-type: none;\">\n<ul>\n<li style=\"list-style-type: none;\">\n<ul>\n<li style=\"list-style-type: none;\">\n<ul>\n<li class=\"bodytext\">Der Internetauftritt eines Unternehmens tr\u00e4gt erheblich zur Imagebildung bei und ist h\u00e4ufig das Medium<br \/>\nf\u00fcr den ber\u00fchmten\u00a0&#8222;ersten Eindruck&#8220;.\u00a0Er sollte deshalb so individuell wie Ihr Unternehmen sein und perfekt zu Ihnen passen.<br \/>\nFolgende Leistungen bieten wir Ihnen:<\/p>\n<ul>\n<li class=\"bodytext\">wir gestalten Ihren Internetauftritt ganz nach Ihren W\u00fcnschen<\/li>\n<li class=\"bodytext\">bei uns erhalten Sie ein Unikat und kein Baukastensystem!<\/li>\n<li class=\"bodytext\">auf Wunsch fertigen wir f\u00fcr sie Fotos an und erstellen die passenden Texte<\/li>\n<li class=\"bodytext\">w\u00e4hlen f\u00fcr Sie die passende Plattform aus (html, wordpress bis hin zu TYPO3) und setzen die Projekte professionell um<\/li>\n<li class=\"bodytext\">auch mit Shopsystemen kennen wir uns aus, egal welches System sie nutzen oder nutzen m\u00f6chten,<br \/>\nwir gestalltet und programmieren es nach Ihren w\u00fcnschen<\/li>\n<li class=\"bodytext\">Anbindungen an Warenwirtschaftssysteme k\u00f6nnen durch uns oder unsere Partner (Schnittstellenhersteller) realisiert werden<\/li>\n<li class=\"bodytext\">Sie sind international t\u00e4tig? Kein Problem \u2013 wir \u00fcbersetzen Ihre Texte ins Englische, Spanische, Italienische, Franz\u00f6siche<br \/>\nund erm\u00f6glichen so einem gr\u00f6\u00dferen Kundenkreis, sich \u00fcber Ihre Produkte und Angebote zu informieren<\/li>\n<\/ul>\n<\/li>\n<\/ul>\n<\/li>\n<\/ul>\n<\/li>\n<\/ul>\n<\/li>\n<\/ul>\n<\/li>\n<\/ul>\n<\/li>\n<\/ul>\n<\/div>\n<div>\n<ul>\n<li style=\"list-style-type: none;\">\n<ul>\n<li style=\"list-style-type: none;\">\n<ul>\n<li style=\"list-style-type: none;\">\n<ul>\n<li style=\"list-style-type: none;\">\n<ul>\n<li style=\"list-style-type: none;\">\n<ul>\n<li>Auf Wunsch gestalten wir Ihre vorhandene Website neu.<\/li>\n<\/ul>\n<\/li>\n<\/ul>\n<\/li>\n<\/ul>\n<\/li>\n<\/ul>\n<\/li>\n<\/ul>\n<\/li>\n<\/ul>\n<p style=\"padding-left: 120px;\"><a href=\"https:\/\/ab-vinum.de\" target=\"_blank\" rel=\"noopener noreferrer\"><img loading=\"lazy\" decoding=\"async\" class=\"alignnone wp-image-6815\" src=\"https:\/\/itberatungsleistungen.de\/wp-content\/uploads\/2020\/11\/abvinum-300x225.png\" alt=\"\" width=\"220\" height=\"165\" srcset=\"https:\/\/itberatungsleistungen.de\/wp-content\/uploads\/2020\/11\/abvinum-300x225.png 300w, https:\/\/itberatungsleistungen.de\/wp-content\/uploads\/2020\/11\/abvinum.png 522w\" sizes=\"auto, (max-width: 220px) 100vw, 220px\" \/><\/a>\u00a0 \u00a0<img loading=\"lazy\" decoding=\"async\" class=\"alignnone wp-image-6816\" src=\"https:\/\/itberatungsleistungen.de\/wp-content\/uploads\/2020\/11\/am-haus-300x275.png\" alt=\"\" width=\"220\" height=\"202\" srcset=\"https:\/\/itberatungsleistungen.de\/wp-content\/uploads\/2020\/11\/am-haus-300x275.png 300w, https:\/\/itberatungsleistungen.de\/wp-content\/uploads\/2020\/11\/am-haus.png 522w\" sizes=\"auto, (max-width: 220px) 100vw, 220px\" \/>\u00a0 \u00a0 <img loading=\"lazy\" decoding=\"async\" class=\"alignnone wp-image-6818\" src=\"https:\/\/itberatungsleistungen.de\/wp-content\/uploads\/2020\/11\/alm-haus-300x186.png\" alt=\"\" width=\"220\" height=\"137\" srcset=\"https:\/\/itberatungsleistungen.de\/wp-content\/uploads\/2020\/11\/alm-haus-300x186.png 300w, https:\/\/itberatungsleistungen.de\/wp-content\/uploads\/2020\/11\/alm-haus.png 502w\" sizes=\"auto, (max-width: 220px) 100vw, 220px\" \/>\u00a0 \u00a0 <a href=\"https:\/\/krankenpflege-wiegand.de\" target=\"_blank\" rel=\"noopener\"><img loading=\"lazy\" decoding=\"async\" class=\"alignnone wp-image-6989\" src=\"https:\/\/itberatungsleistungen.de\/wp-content\/uploads\/2020\/12\/Bildschirmfoto-2020-12-16-um-15.15.17-300x167.jpg\" alt=\"\" width=\"220\" height=\"122\" srcset=\"https:\/\/itberatungsleistungen.de\/wp-content\/uploads\/2020\/12\/Bildschirmfoto-2020-12-16-um-15.15.17-300x167.jpg 300w, https:\/\/itberatungsleistungen.de\/wp-content\/uploads\/2020\/12\/Bildschirmfoto-2020-12-16-um-15.15.17-600x333.jpg 600w, https:\/\/itberatungsleistungen.de\/wp-content\/uploads\/2020\/12\/Bildschirmfoto-2020-12-16-um-15.15.17-768x426.jpg 768w, https:\/\/itberatungsleistungen.de\/wp-content\/uploads\/2020\/12\/Bildschirmfoto-2020-12-16-um-15.15.17.jpg 800w\" sizes=\"auto, (max-width: 220px) 100vw, 220px\" \/><\/a>\u00a0 \u00a0 <img loading=\"lazy\" decoding=\"async\" class=\"alignnone wp-image-6820\" src=\"https:\/\/itberatungsleistungen.de\/wp-content\/uploads\/2020\/11\/asf-300x225.png\" alt=\"\" width=\"220\" height=\"165\" srcset=\"https:\/\/itberatungsleistungen.de\/wp-content\/uploads\/2020\/11\/asf-300x225.png 300w, https:\/\/itberatungsleistungen.de\/wp-content\/uploads\/2020\/11\/asf.png 522w\" sizes=\"auto, (max-width: 220px) 100vw, 220px\" \/>\u00a0 \u00a0 <img loading=\"lazy\" decoding=\"async\" class=\"alignnone wp-image-6821\" src=\"https:\/\/itberatungsleistungen.de\/wp-content\/uploads\/2020\/11\/rumpf-300x224.png\" alt=\"\" width=\"220\" height=\"164\" srcset=\"https:\/\/itberatungsleistungen.de\/wp-content\/uploads\/2020\/11\/rumpf-300x224.png 300w, https:\/\/itberatungsleistungen.de\/wp-content\/uploads\/2020\/11\/rumpf.png 502w\" sizes=\"auto, (max-width: 220px) 100vw, 220px\" \/> <a href=\"https:\/\/bk-schaedling.de\" target=\"_blank\" rel=\"noopener\"><img loading=\"lazy\" decoding=\"async\" class=\"alignnone wp-image-6993\" src=\"https:\/\/itberatungsleistungen.de\/wp-content\/uploads\/2020\/12\/bk-300x168.jpg\" alt=\"\" width=\"220\" height=\"123\" srcset=\"https:\/\/itberatungsleistungen.de\/wp-content\/uploads\/2020\/12\/bk-300x168.jpg 300w, https:\/\/itberatungsleistungen.de\/wp-content\/uploads\/2020\/12\/bk-600x337.jpg 600w, https:\/\/itberatungsleistungen.de\/wp-content\/uploads\/2020\/12\/bk-768x431.jpg 768w, https:\/\/itberatungsleistungen.de\/wp-content\/uploads\/2020\/12\/bk.jpg 800w\" sizes=\"auto, (max-width: 220px) 100vw, 220px\" \/><\/a>\u00a0 \u00a0 <a href=\"https:\/\/cbb-immobilien.de\" target=\"_blank\" rel=\"noopener noreferrer\"><img loading=\"lazy\" decoding=\"async\" class=\"alignnone wp-image-6822\" src=\"https:\/\/itberatungsleistungen.de\/wp-content\/uploads\/2020\/11\/cbb-300x239.png\" alt=\"\" width=\"220\" height=\"175\" srcset=\"https:\/\/itberatungsleistungen.de\/wp-content\/uploads\/2020\/11\/cbb-300x239.png 300w, https:\/\/itberatungsleistungen.de\/wp-content\/uploads\/2020\/11\/cbb.png 502w\" sizes=\"auto, (max-width: 220px) 100vw, 220px\" \/><\/a>\u00a0 \u00a0 <a href=\"https:\/\/collars-leads.de\" target=\"_blank\" rel=\"noopener noreferrer\"><img loading=\"lazy\" decoding=\"async\" class=\"alignnone wp-image-6823\" src=\"https:\/\/itberatungsleistungen.de\/wp-content\/uploads\/2020\/11\/cl-300x225.png\" alt=\"\" width=\"220\" height=\"165\" srcset=\"https:\/\/itberatungsleistungen.de\/wp-content\/uploads\/2020\/11\/cl-300x225.png 300w, https:\/\/itberatungsleistungen.de\/wp-content\/uploads\/2020\/11\/cl.png 522w\" sizes=\"auto, (max-width: 220px) 100vw, 220px\" \/><\/a>\u00a0 \u00a0 <img loading=\"lazy\" decoding=\"async\" class=\"alignnone wp-image-6824\" src=\"https:\/\/itberatungsleistungen.de\/wp-content\/uploads\/2020\/11\/bb-300x192.png\" alt=\"\" width=\"220\" height=\"141\" srcset=\"https:\/\/itberatungsleistungen.de\/wp-content\/uploads\/2020\/11\/bb-300x192.png 300w, https:\/\/itberatungsleistungen.de\/wp-content\/uploads\/2020\/11\/bb.png 502w\" sizes=\"auto, (max-width: 220px) 100vw, 220px\" \/>\u00a0 \u00a0 <img loading=\"lazy\" decoding=\"async\" class=\"alignnone wp-image-6825\" src=\"https:\/\/itberatungsleistungen.de\/wp-content\/uploads\/2020\/11\/esser-300x225.png\" alt=\"\" width=\"220\" height=\"165\" srcset=\"https:\/\/itberatungsleistungen.de\/wp-content\/uploads\/2020\/11\/esser-300x225.png 300w, https:\/\/itberatungsleistungen.de\/wp-content\/uploads\/2020\/11\/esser.png 522w\" sizes=\"auto, (max-width: 220px) 100vw, 220px\" \/>\u00a0 \u00a0 <img loading=\"lazy\" decoding=\"async\" class=\"alignnone wp-image-6826\" src=\"https:\/\/itberatungsleistungen.de\/wp-content\/uploads\/2020\/11\/dj-300x224.png\" alt=\"\" width=\"220\" height=\"164\" srcset=\"https:\/\/itberatungsleistungen.de\/wp-content\/uploads\/2020\/11\/dj-300x224.png 300w, https:\/\/itberatungsleistungen.de\/wp-content\/uploads\/2020\/11\/dj.png 522w\" sizes=\"auto, (max-width: 220px) 100vw, 220px\" \/>\u00a0 \u00a0 <img loading=\"lazy\" decoding=\"async\" class=\"alignnone wp-image-6827\" src=\"https:\/\/itberatungsleistungen.de\/wp-content\/uploads\/2020\/11\/es-300x225.png\" alt=\"\" width=\"220\" height=\"165\" srcset=\"https:\/\/itberatungsleistungen.de\/wp-content\/uploads\/2020\/11\/es-300x225.png 300w, https:\/\/itberatungsleistungen.de\/wp-content\/uploads\/2020\/11\/es.png 522w\" sizes=\"auto, (max-width: 220px) 100vw, 220px\" \/>\u00a0 \u00a0 <img loading=\"lazy\" decoding=\"async\" class=\"alignnone wp-image-6828\" src=\"https:\/\/itberatungsleistungen.de\/wp-content\/uploads\/2020\/11\/as-300x225.png\" alt=\"\" width=\"220\" height=\"165\" srcset=\"https:\/\/itberatungsleistungen.de\/wp-content\/uploads\/2020\/11\/as-300x225.png 300w, https:\/\/itberatungsleistungen.de\/wp-content\/uploads\/2020\/11\/as.png 522w\" sizes=\"auto, (max-width: 220px) 100vw, 220px\" \/>\u00a0 \u00a0 <a href=\"https:\/\/frauensingkreis-hasselbach.de\" target=\"_blank\" rel=\"noopener noreferrer\"><img loading=\"lazy\" decoding=\"async\" class=\"alignnone wp-image-6829\" src=\"https:\/\/itberatungsleistungen.de\/wp-content\/uploads\/2020\/11\/Unbenannt-300x225.png\" alt=\"\" width=\"220\" height=\"165\" srcset=\"https:\/\/itberatungsleistungen.de\/wp-content\/uploads\/2020\/11\/Unbenannt-300x225.png 300w, https:\/\/itberatungsleistungen.de\/wp-content\/uploads\/2020\/11\/Unbenannt.png 522w\" sizes=\"auto, (max-width: 220px) 100vw, 220px\" \/><\/a>\u00a0 \u00a0 <img loading=\"lazy\" decoding=\"async\" class=\"alignnone wp-image-6830\" src=\"https:\/\/itberatungsleistungen.de\/wp-content\/uploads\/2020\/11\/hair-300x225.png\" alt=\"\" width=\"220\" height=\"165\" srcset=\"https:\/\/itberatungsleistungen.de\/wp-content\/uploads\/2020\/11\/hair-300x225.png 300w, https:\/\/itberatungsleistungen.de\/wp-content\/uploads\/2020\/11\/hair.png 522w\" sizes=\"auto, (max-width: 220px) 100vw, 220px\" \/>\u00a0 \u00a0 <a href=\"https:\/\/hasselbach-taunus.de\" target=\"_blank\" rel=\"noopener noreferrer\"><img loading=\"lazy\" decoding=\"async\" class=\"alignnone wp-image-6831\" src=\"https:\/\/itberatungsleistungen.de\/wp-content\/uploads\/2020\/11\/hb-300x225.png\" alt=\"\" width=\"220\" height=\"165\" srcset=\"https:\/\/itberatungsleistungen.de\/wp-content\/uploads\/2020\/11\/hb-300x225.png 300w, https:\/\/itberatungsleistungen.de\/wp-content\/uploads\/2020\/11\/hb.png 522w\" sizes=\"auto, (max-width: 220px) 100vw, 220px\" \/><\/a>\u00a0 \u00a0 <img loading=\"lazy\" decoding=\"async\" class=\"alignnone wp-image-6832\" src=\"https:\/\/itberatungsleistungen.de\/wp-content\/uploads\/2020\/11\/hh-300x239.png\" alt=\"\" width=\"220\" height=\"175\" srcset=\"https:\/\/itberatungsleistungen.de\/wp-content\/uploads\/2020\/11\/hh-300x239.png 300w, https:\/\/itberatungsleistungen.de\/wp-content\/uploads\/2020\/11\/hh.png 522w\" sizes=\"auto, (max-width: 220px) 100vw, 220px\" \/>\u00a0 \u00a0 <img loading=\"lazy\" decoding=\"async\" class=\"alignnone wp-image-6833\" src=\"https:\/\/itberatungsleistungen.de\/wp-content\/uploads\/2020\/11\/hm-300x225.png\" alt=\"\" width=\"220\" height=\"165\" srcset=\"https:\/\/itberatungsleistungen.de\/wp-content\/uploads\/2020\/11\/hm-300x225.png 300w, https:\/\/itberatungsleistungen.de\/wp-content\/uploads\/2020\/11\/hm.png 522w\" sizes=\"auto, (max-width: 220px) 100vw, 220px\" \/>\u00a0 \u00a0 <a href=\"https:\/\/kettler-dienstleistungen.de\" target=\"_blank\" rel=\"noopener\"><img loading=\"lazy\" decoding=\"async\" class=\"alignnone wp-image-6994\" src=\"https:\/\/itberatungsleistungen.de\/wp-content\/uploads\/2020\/12\/kettler-300x169.jpg\" alt=\"\" width=\"220\" height=\"124\" srcset=\"https:\/\/itberatungsleistungen.de\/wp-content\/uploads\/2020\/12\/kettler-300x169.jpg 300w, https:\/\/itberatungsleistungen.de\/wp-content\/uploads\/2020\/12\/kettler-600x338.jpg 600w, https:\/\/itberatungsleistungen.de\/wp-content\/uploads\/2020\/12\/kettler-768x433.jpg 768w, https:\/\/itberatungsleistungen.de\/wp-content\/uploads\/2020\/12\/kettler.jpg 800w\" sizes=\"auto, (max-width: 220px) 100vw, 220px\" \/><\/a><img loading=\"lazy\" decoding=\"async\" class=\"alignnone wp-image-6835\" src=\"https:\/\/itberatungsleistungen.de\/wp-content\/uploads\/2020\/11\/kk-300x224.png\" alt=\"\" width=\"220\" height=\"164\" srcset=\"https:\/\/itberatungsleistungen.de\/wp-content\/uploads\/2020\/11\/kk-300x224.png 300w, https:\/\/itberatungsleistungen.de\/wp-content\/uploads\/2020\/11\/kk.png 502w\" sizes=\"auto, (max-width: 220px) 100vw, 220px\" \/>\u00a0 \u00a0 <img loading=\"lazy\" decoding=\"async\" class=\"alignnone wp-image-6883\" src=\"https:\/\/itberatungsleistungen.de\/wp-content\/uploads\/2020\/11\/pd-300x224.png\" alt=\"\" width=\"220\" height=\"164\" srcset=\"https:\/\/itberatungsleistungen.de\/wp-content\/uploads\/2020\/11\/pd-300x224.png 300w, https:\/\/itberatungsleistungen.de\/wp-content\/uploads\/2020\/11\/pd.png 502w\" sizes=\"auto, (max-width: 220px) 100vw, 220px\" \/>\u00a0 \u00a0 <img loading=\"lazy\" decoding=\"async\" class=\"alignnone wp-image-6884\" src=\"https:\/\/itberatungsleistungen.de\/wp-content\/uploads\/2020\/11\/Unbenannt-1-300x224.png\" alt=\"\" width=\"220\" height=\"164\" srcset=\"https:\/\/itberatungsleistungen.de\/wp-content\/uploads\/2020\/11\/Unbenannt-1-300x224.png 300w, https:\/\/itberatungsleistungen.de\/wp-content\/uploads\/2020\/11\/Unbenannt-1.png 502w\" sizes=\"auto, (max-width: 220px) 100vw, 220px\" \/>\u00a0 \u00a0 <img loading=\"lazy\" decoding=\"async\" class=\"alignnone wp-image-6885\" src=\"https:\/\/itberatungsleistungen.de\/wp-content\/uploads\/2020\/11\/sfs-300x200.png\" alt=\"\" width=\"220\" height=\"147\" srcset=\"https:\/\/itberatungsleistungen.de\/wp-content\/uploads\/2020\/11\/sfs-300x200.png 300w, https:\/\/itberatungsleistungen.de\/wp-content\/uploads\/2020\/11\/sfs.png 502w\" sizes=\"auto, (max-width: 220px) 100vw, 220px\" \/>\u00a0 \u00a0 <a href=\"https:\/\/werkzwo.eu\" target=\"_blank\" rel=\"noopener\"><img loading=\"lazy\" decoding=\"async\" class=\"alignnone wp-image-6886\" src=\"https:\/\/itberatungsleistungen.de\/wp-content\/uploads\/2020\/11\/wz-300x225.png\" alt=\"\" width=\"220\" height=\"165\" srcset=\"https:\/\/itberatungsleistungen.de\/wp-content\/uploads\/2020\/11\/wz-300x225.png 300w, https:\/\/itberatungsleistungen.de\/wp-content\/uploads\/2020\/11\/wz.png 522w\" sizes=\"auto, (max-width: 220px) 100vw, 220px\" \/><\/a><\/p>\n<p>&nbsp;<\/p>\n<\/div>\n","protected":false},"excerpt":{"rendered":"<p>&nbsp; Webdesign und Programmierung Der Internetauftritt eines Unternehmens tr\u00e4gt erheblich zur Imagebildung bei und ist h\u00e4ufig das Medium f\u00fcr den ber\u00fchmten\u00a0&#8222;ersten Eindruck&#8220;.\u00a0Er sollte deshalb so individuell wie Ihr Unternehmen sein und perfekt zu Ihnen passen. Folgende Leistungen bieten wir Ihnen: wir gestalten Ihren Internetauftritt ganz nach Ihren W\u00fcnschen bei uns erhalten Sie ein Unikat und&#8230;<\/p>\n","protected":false},"author":1,"featured_media":0,"parent":0,"menu_order":0,"comment_status":"closed","ping_status":"closed","template":"","meta":{"footnotes":""},"class_list":["post-6406","page","type-page","status-publish","hentry"],"aioseo_notices":[],"_links":{"self":[{"href":"https:\/\/itberatungsleistungen.de\/index.php?rest_route=\/wp\/v2\/pages\/6406","targetHints":{"allow":["GET"]}}],"collection":[{"href":"https:\/\/itberatungsleistungen.de\/index.php?rest_route=\/wp\/v2\/pages"}],"about":[{"href":"https:\/\/itberatungsleistungen.de\/index.php?rest_route=\/wp\/v2\/types\/page"}],"author":[{"embeddable":true,"href":"https:\/\/itberatungsleistungen.de\/index.php?rest_route=\/wp\/v2\/users\/1"}],"replies":[{"embeddable":true,"href":"https:\/\/itberatungsleistungen.de\/index.php?rest_route=%2Fwp%2Fv2%2Fcomments&post=6406"}],"version-history":[{"count":40,"href":"https:\/\/itberatungsleistungen.de\/index.php?rest_route=\/wp\/v2\/pages\/6406\/revisions"}],"predecessor-version":[{"id":6995,"href":"https:\/\/itberatungsleistungen.de\/index.php?rest_route=\/wp\/v2\/pages\/6406\/revisions\/6995"}],"wp:attachment":[{"href":"https:\/\/itberatungsleistungen.de\/index.php?rest_route=%2Fwp%2Fv2%2Fmedia&parent=6406"}],"curies":[{"name":"wp","href":"https:\/\/api.w.org\/{rel}","templated":true}]}}