{"id":8,"date":"2013-05-31T08:44:43","date_gmt":"2013-05-31T08:44:43","guid":{"rendered":"http:\/\/impreza.us-themes.net\/"},"modified":"2020-12-16T14:36:57","modified_gmt":"2020-12-16T14:36:57","slug":"sample-page-2","status":"publish","type":"page","link":"https:\/\/itberatungsleistungen.de\/","title":{"rendered":"Startseite"},"content":{"rendered":"<section class=\"l-section wpb_row height_auto width_full color_primary\"><div class=\"l-section-h i-cf\"><div class=\"g-cols vc_row via_flex valign_top type_default stacking_default\"><div class=\"vc_col-sm-12 wpb_column vc_column_container\"><div class=\"vc_column-inner\"><div class=\"wpb_wrapper\">\n\t\t\t<!-- START home_slider REVOLUTION SLIDER 6.7.40 --><p class=\"rs-p-wp-fix\"><\/p>\n\t\t\t<rs-module-wrap id=\"rev_slider_1_1_wrapper\" data-source=\"gallery\" style=\"visibility:hidden;background:transparent;padding:0;margin:0px auto;margin-top:0;margin-bottom:0;max-width:none;\">\n\t\t\t\t<rs-module id=\"rev_slider_1_1\" style=\"\" data-version=\"6.7.40\">\n\t\t\t\t\t<rs-slides style=\"overflow: hidden; position: absolute;\">\n\t\t\t\t\t\t<rs-slide style=\"position: absolute;\" data-key=\"rs-26\" data-title=\"Slide\" data-thumb=\"\/\/itberatungsleistungen.de\/wp-content\/uploads\/2020\/11\/1-100x50.jpg\" data-duration=\"1000ms\" data-anim=\"ms:600;\" data-in=\"o:0;\" data-out=\"a:false;\">\n\t\t\t\t\t\t\t<img decoding=\"async\" src=\"\/\/itberatungsleistungen.de\/wp-content\/plugins\/revslider\/sr6\/assets\/assets\/dummy.png\" alt=\"\" title=\"kompetenzNEUschmal\" width=\"1240\" height=\"401\" class=\"rev-slidebg tp-rs-img rs-lazyload\" data-lazyload=\"\/\/itberatungsleistungen.de\/wp-content\/uploads\/2020\/11\/1.jpg\" data-parallax=\"off\" data-no-retina>\n<!---->\t\t\t\t\t<\/rs-slide>\n\t\t\t\t\t\t<rs-slide style=\"position: absolute;\" data-key=\"rs-40\" data-title=\"Slide\" data-thumb=\"\/\/itberatungsleistungen.de\/wp-content\/uploads\/2020\/11\/2-100x50.jpg\" data-duration=\"1000ms\" data-anim=\"ms:600;\" data-in=\"o:0;\" data-out=\"a:false;\">\n\t\t\t\t\t\t\t<img decoding=\"async\" src=\"\/\/itberatungsleistungen.de\/wp-content\/plugins\/revslider\/sr6\/assets\/assets\/dummy.png\" alt=\"\" title=\"kompetenzNEUschmal\" width=\"1240\" height=\"401\" class=\"rev-slidebg tp-rs-img rs-lazyload\" data-lazyload=\"\/\/itberatungsleistungen.de\/wp-content\/uploads\/2020\/11\/2.jpg\" data-parallax=\"off\" data-no-retina>\n<!---->\t\t\t\t\t<\/rs-slide>\n\t\t\t\t\t\t<rs-slide style=\"position: absolute;\" data-key=\"rs-41\" data-title=\"Slide\" data-thumb=\"\/\/itberatungsleistungen.de\/wp-content\/uploads\/2020\/11\/3-100x50.jpg\" data-duration=\"1000ms\" data-anim=\"ms:600;\" data-in=\"o:0;\" data-out=\"a:false;\">\n\t\t\t\t\t\t\t<img decoding=\"async\" src=\"\/\/itberatungsleistungen.de\/wp-content\/plugins\/revslider\/sr6\/assets\/assets\/dummy.png\" alt=\"\" title=\"kompetenzNEUschmal\" width=\"1240\" height=\"401\" class=\"rev-slidebg tp-rs-img rs-lazyload\" data-lazyload=\"\/\/itberatungsleistungen.de\/wp-content\/uploads\/2020\/11\/3.jpg\" data-parallax=\"off\" data-no-retina>\n<!---->\t\t\t\t\t<\/rs-slide>\n\t\t\t\t\t\t<rs-slide style=\"position: absolute;\" data-key=\"rs-42\" data-title=\"Slide\" data-thumb=\"\/\/itberatungsleistungen.de\/wp-content\/uploads\/2020\/11\/4-100x50.jpg\" data-duration=\"1000ms\" data-anim=\"ms:600;\" data-in=\"o:0;\" data-out=\"a:false;\">\n\t\t\t\t\t\t\t<img decoding=\"async\" src=\"\/\/itberatungsleistungen.de\/wp-content\/plugins\/revslider\/sr6\/assets\/assets\/dummy.png\" alt=\"\" title=\"kompetenzNEUschmal\" width=\"1240\" height=\"401\" class=\"rev-slidebg tp-rs-img rs-lazyload\" data-lazyload=\"\/\/itberatungsleistungen.de\/wp-content\/uploads\/2020\/11\/4.jpg\" data-parallax=\"off\" data-no-retina>\n<!---->\t\t\t\t\t<\/rs-slide>\n\t\t\t\t\t\t<rs-slide style=\"position: absolute;\" data-key=\"rs-43\" data-title=\"Slide\" data-thumb=\"\/\/itberatungsleistungen.de\/wp-content\/uploads\/2020\/11\/5-100x50.jpg\" data-duration=\"1000ms\" data-anim=\"ms:600;\" data-in=\"o:0;\" data-out=\"a:false;\">\n\t\t\t\t\t\t\t<img decoding=\"async\" src=\"\/\/itberatungsleistungen.de\/wp-content\/plugins\/revslider\/sr6\/assets\/assets\/dummy.png\" alt=\"\" title=\"kompetenzNEUschmal\" width=\"1240\" height=\"401\" class=\"rev-slidebg tp-rs-img rs-lazyload\" data-lazyload=\"\/\/itberatungsleistungen.de\/wp-content\/uploads\/2020\/11\/5.jpg\" data-parallax=\"off\" data-no-retina>\n<!---->\t\t\t\t\t<\/rs-slide>\n\t\t\t\t\t\t<rs-slide style=\"position: absolute;\" data-key=\"rs-44\" data-title=\"Slide\" data-thumb=\"\/\/itberatungsleistungen.de\/wp-content\/uploads\/2020\/11\/6-100x50.jpg\" data-duration=\"1000ms\" data-anim=\"ms:600;\" data-in=\"o:0;\" data-out=\"a:false;\">\n\t\t\t\t\t\t\t<img decoding=\"async\" src=\"\/\/itberatungsleistungen.de\/wp-content\/plugins\/revslider\/sr6\/assets\/assets\/dummy.png\" alt=\"\" title=\"kompetenzNEUschmal\" width=\"1240\" height=\"401\" class=\"rev-slidebg tp-rs-img rs-lazyload\" data-lazyload=\"\/\/itberatungsleistungen.de\/wp-content\/uploads\/2020\/11\/6.jpg\" data-parallax=\"off\" data-no-retina>\n<!---->\t\t\t\t\t<\/rs-slide>\n\t\t\t\t\t\t<rs-slide style=\"position: absolute;\" data-key=\"rs-45\" data-title=\"Slide\" data-thumb=\"\/\/itberatungsleistungen.de\/wp-content\/uploads\/2020\/11\/7-100x50.jpg\" data-duration=\"1000ms\" data-anim=\"ms:600;\" data-in=\"o:0;\" data-out=\"a:false;\">\n\t\t\t\t\t\t\t<img decoding=\"async\" src=\"\/\/itberatungsleistungen.de\/wp-content\/plugins\/revslider\/sr6\/assets\/assets\/dummy.png\" alt=\"\" title=\"kompetenzNEUschmal\" width=\"1240\" height=\"401\" class=\"rev-slidebg tp-rs-img rs-lazyload\" data-lazyload=\"\/\/itberatungsleistungen.de\/wp-content\/uploads\/2020\/11\/7.jpg\" data-parallax=\"off\" data-no-retina>\n<!---->\t\t\t\t\t<\/rs-slide>\n\t\t\t\t\t\t<rs-slide style=\"position: absolute;\" data-key=\"rs-46\" data-title=\"Slide\" data-thumb=\"\/\/itberatungsleistungen.de\/wp-content\/uploads\/2020\/11\/8-100x50.jpg\" data-duration=\"15010\" data-anim=\"ms:600;\" data-in=\"o:0;\" data-out=\"a:false;\">\n\t\t\t\t\t\t\t<img decoding=\"async\" src=\"\/\/itberatungsleistungen.de\/wp-content\/plugins\/revslider\/sr6\/assets\/assets\/dummy.png\" alt=\"\" title=\"kompetenzNEUschmal_ws\" width=\"1240\" height=\"401\" class=\"rev-slidebg tp-rs-img rs-lazyload\" data-lazyload=\"\/\/itberatungsleistungen.de\/wp-content\/uploads\/2020\/11\/8.jpg\" data-parallax=\"off\" data-no-retina>\n<!---->\t\t\t\t\t<\/rs-slide>\n\t\t\t\t\t<\/rs-slides>\n\t\t\t\t<\/rs-module>\n\t\t\t\t<script>\n\t\t\t\t\tsetREVStartSize({c: 'rev_slider_1_1',rl:[1024,1024,778,480],el:[600,600,500,400],gw:[1260,1024,778,480],gh:[600,600,500,400],type:'standard',justify:'',layout:'fullwidth',mh:\"0\"});if (window.RS_MODULES!==undefined && window.RS_MODULES.modules!==undefined && window.RS_MODULES.modules[\"revslider11\"]!==undefined) {window.RS_MODULES.modules[\"revslider11\"].once = false;window.revapi1 = undefined;if (window.RS_MODULES.checkMinimal!==undefined) window.RS_MODULES.checkMinimal()}\n\t\t\t\t<\/script>\n\t\t\t<\/rs-module-wrap>\n\t\t\t<!-- END REVOLUTION SLIDER -->\n<\/div><\/div><\/div><\/div><\/div><\/section><section class=\"l-section wpb_row height_medium\"><div class=\"l-section-h i-cf\"><div class=\"g-cols vc_row via_flex valign_top type_default stacking_default\"><div class=\"vc_col-sm-4 vc_col-md-3 wpb_column vc_column_container\"><div class=\"vc_column-inner\"><div class=\"wpb_wrapper\"><div class=\"w-iconbox iconpos_top style_outlined color_primary align_center\"><a href=\"https:\/\/itberatungsleistungen.de\/?page_id=6395\" class=\"w-iconbox-link\" aria-label=\"Willkommen bei IT-Beratungsleistungen H\u00fcbschen\"><div class=\"w-iconbox-icon\" style=\"font-size:2rem;\"><i class=\"far fa-thumbs-up\"><\/i><\/div><\/a><div class=\"w-iconbox-meta\"><a href=\"https:\/\/itberatungsleistungen.de\/?page_id=6395\" class=\"w-iconbox-link\" aria-label=\"Willkommen bei IT-Beratungsleistungen H\u00fcbschen\"><h4 class=\"w-iconbox-title\">Willkommen bei IT-Beratungsleistungen H\u00fcbschen<\/h4><\/a><div class=\"w-iconbox-text\"><p>Unser Portfolio umfasst sowohl die Beratung als auch die Umsetzung in den Bereichen Webdesign, Webprogrammierung, Onlineshop, Webhosting, Grafikdesign &amp; Layout.<\/p>\n<\/div><\/div><\/div><\/div><\/div><\/div><div class=\"vc_col-sm-4 vc_col-md-3 wpb_column vc_column_container\"><div class=\"vc_column-inner\"><div class=\"wpb_wrapper\"><div class=\"w-iconbox iconpos_top style_outlined color_primary align_center\"><a href=\"https:\/\/itberatungsleistungen.de\/?page_id=5796\" class=\"w-iconbox-link\" aria-label=\"Weitere Informationen\"><div class=\"w-iconbox-icon\" style=\"font-size:2rem;\"><i class=\"far fa-thumbs-up\"><\/i><\/div><\/a><div class=\"w-iconbox-meta\"><a href=\"https:\/\/itberatungsleistungen.de\/?page_id=5796\" class=\"w-iconbox-link\" aria-label=\"Weitere Informationen\"><h4 class=\"w-iconbox-title\">Weitere Informationen<\/h4><\/a><div class=\"w-iconbox-text\"><p>erhalten Sie in einem pers\u00f6nliches Gespr\u00e4ch. Klicken sie auf den Daumen und f\u00fcllen das Formular aus.<\/p>\n<\/div><\/div><\/div><\/div><\/div><\/div><div class=\"vc_col-sm-4 vc_col-md-3 wpb_column vc_column_container\"><div class=\"vc_column-inner\"><div class=\"wpb_wrapper\"><div class=\"w-iconbox iconpos_top style_outlined color_primary align_center\"><a href=\"https:\/\/itberatungsleistungen.de\/?page_id=6406\" class=\"w-iconbox-link\" aria-label=\"Der Ma\u00dfanzug\"><div class=\"w-iconbox-icon\" style=\"font-size:2rem;\"><i class=\"fas fa-tablet-alt\"><\/i><\/div><\/a><div class=\"w-iconbox-meta\"><a href=\"https:\/\/itberatungsleistungen.de\/?page_id=6406\" class=\"w-iconbox-link\" aria-label=\"Der Ma\u00dfanzug\"><h4 class=\"w-iconbox-title\">Der Ma\u00dfanzug<\/h4><\/a><div class=\"w-iconbox-text\"><p>Der Internetauftritt eines Unternehmens tr\u00e4gt erheblich zur Imagebildung bei und ist h\u00e4ufig das Medium f\u00fcr den ber\u00fchmten &#8222;ersten Eindruck&#8220;. Deshalb sollte er so individuell wie Ihr Unternehmen sein und perfekt zu Ihnen passen.<\/p>\n<\/div><\/div><\/div><\/div><\/div><\/div><\/div><\/div><\/section><section class=\"l-section wpb_row height_medium\" id=\"first\"><div class=\"l-section-h i-cf\"><div class=\"g-cols vc_row via_flex valign_top type_default stacking_default\"><\/div><\/div><\/section><div class=\"vc_col-sm-12 wpb_column vc_column_container\"><div class=\"vc_column-inner\"><div class=\"wpb_wrapper\"><\/div><\/div><\/div><div class=\"wpb_text_column\"><div class=\"wpb_wrapper\"><\/div><\/div>\n<div>\n<h3 style=\"padding-left: 160px;\"><span style=\"font-size: 26pt;\">Fachhandelspartner<\/span><\/h3>\n<p style=\"padding-left: 160px;\"><a href=\"https:\/\/www.1und1.de\/?ps_id=P7593034\" target=\"_blank\" rel=\"noopener noreferrer\">\u00a0 \u00a0<\/a><a href=\"https:\/\/www.1und1.de\/?ps_id=P7593034\" target=\"_blank\" rel=\"noopener noreferrer\"><img loading=\"lazy\" decoding=\"async\" class=\"alignnone wp-image-6755\" src=\"https:\/\/itberatungsleistungen.de\/wp-content\/uploads\/2020\/11\/1und1_Logo_Partner_4c-223x300.jpg\" alt=\"\" width=\"74\" height=\"100\" srcset=\"https:\/\/itberatungsleistungen.de\/wp-content\/uploads\/2020\/11\/1und1_Logo_Partner_4c-223x300.jpg 223w, https:\/\/itberatungsleistungen.de\/wp-content\/uploads\/2020\/11\/1und1_Logo_Partner_4c.jpg 500w\" sizes=\"auto, (max-width: 74px) 100vw, 74px\" \/><\/a><a href=\"https:\/\/it-b24.telekom-profis.de\/\" target=\"_blank\" rel=\"noopener noreferrer\"> <img loading=\"lazy\" decoding=\"async\" class=\"alignnone wp-image-6793\" src=\"https:\/\/itberatungsleistungen.de\/wp-content\/uploads\/2020\/11\/telekom_logo.jpg\" alt=\"\" width=\"157\" height=\"100\" \/><\/a><\/p>\n<p>&nbsp;<\/p>\n<\/div>\n","protected":false},"excerpt":{"rendered":"<p>Fachhandelspartner \u00a0 \u00a0 &nbsp;<\/p>\n","protected":false},"author":1,"featured_media":0,"parent":0,"menu_order":2,"comment_status":"closed","ping_status":"closed","template":"","meta":{"footnotes":""},"class_list":["post-8","page","type-page","status-publish","hentry"],"aioseo_notices":[],"_links":{"self":[{"href":"https:\/\/itberatungsleistungen.de\/index.php?rest_route=\/wp\/v2\/pages\/8","targetHints":{"allow":["GET"]}}],"collection":[{"href":"https:\/\/itberatungsleistungen.de\/index.php?rest_route=\/wp\/v2\/pages"}],"about":[{"href":"https:\/\/itberatungsleistungen.de\/index.php?rest_route=\/wp\/v2\/types\/page"}],"author":[{"embeddable":true,"href":"https:\/\/itberatungsleistungen.de\/index.php?rest_route=\/wp\/v2\/users\/1"}],"replies":[{"embeddable":true,"href":"https:\/\/itberatungsleistungen.de\/index.php?rest_route=%2Fwp%2Fv2%2Fcomments&post=8"}],"version-history":[{"count":57,"href":"https:\/\/itberatungsleistungen.de\/index.php?rest_route=\/wp\/v2\/pages\/8\/revisions"}],"predecessor-version":[{"id":6996,"href":"https:\/\/itberatungsleistungen.de\/index.php?rest_route=\/wp\/v2\/pages\/8\/revisions\/6996"}],"wp:attachment":[{"href":"https:\/\/itberatungsleistungen.de\/index.php?rest_route=%2Fwp%2Fv2%2Fmedia&parent=8"}],"curies":[{"name":"wp","href":"https:\/\/api.w.org\/{rel}","templated":true}]}}